1?
157
Calculate the greatest common factor of 45351137 and 2319.
773
Calculate the highest common divisor of 16976 and 384398178.
2122
What is the highest common divisor of 59231634 and 531?
177
What is the greatest common divisor of 48106 and 363408?
134
Calculate the greatest common divisor of 65226 and 100573833.
4659
Calculate the greatest common factor of 9689464 and 24.
8
What is the highest common factor of 16238355 and 147?
147
What is the highest common factor of 564708 and 24?
12
What is the highest common factor of 13054580 and 4620?
1540
Calculate the greatest common factor of 19525707 and 108.
9
Calculate the greatest common factor of 92486 and 923095.
353
Calculate the greatest common factor of 278962339 and 58.
29
What is the highest common factor of 11415 and 65265?
15
Calculate the greatest common factor of 39037560 and 72.
24
What is the highest common divisor of 2312957 and 7715?
1543
Calculate the greatest common divisor of 18640 and 368960.
80
Calculate the highest common factor of 301774 and 123598.
58
Calculate the highest common divisor of 24534 and 787626.
846
Calculate the highest common divisor of 103892 and 38051812.
5468
Calculate the highest common factor of 106938 and 2762838.
234
What is the greatest common factor of 1132342691 and 236?
59
What is the greatest common divisor of 1296510772 and 464?
116
What is the greatest common factor of 13020 and 5787740?
140
Calculate the greatest common factor of 2610 and 6707055.
15
Calculate the greatest common factor of 49 and 298299554.
49
Calculate the highest common factor of 405 and 205116.
3
What is the highest common divisor of 5773579 and 11767?
287
Calculate the highest common divisor of 64445706 and 13.
13
What is the greatest common divisor of 2921 and 483621?
23
Calculate the greatest common factor of 17210 and 32420198.
3442
What is the highest common factor of 62184 and 21875813?
2591
What is the highest common factor of 252340 and 87265?
155
Calculate the greatest common factor of 155402 and 104.
26
Calculate the greatest common factor of 1029 and 341117.
7
Calculate the greatest common factor of 3530914 and 6785.
1357
What is the highest common divisor of 6911911 and 1887?
17
What is the greatest common factor of 6738 and 593641383?
3369
What is the greatest common factor of 837 and 43389?
27
What is the greatest common factor of 28 and 554380624?
28
What is the greatest common divisor of 8466 and 3672?
102
Calculate the greatest common divisor of 1646197 and 140.
7
Calculate the greatest common factor of 819236 and 1276.
44
What is the highest common factor of 150 and 29334350?
50
What is the highest common factor of 49723245 and 33?
33
Calculate the highest common factor of 78105 and 14518005.
1905
What is the highest common factor of 45764 and 50626?
34
Calculate the greatest common divisor of 273 and 10659129.
39
What is the highest common factor of 304569 and 18?
9
What is the greatest common divisor of 316540430 and 30?
10
Calculate the highest common factor of 925942872 and 453.
453
Calculate the highest common factor of 146250 and 176460.
30
What is the greatest common divisor of 660461 and 477417?
683
Calculate the greatest common divisor of 9952024 and 10.
2
What is the highest common divisor of 311173980 and 24?
12
Calculate the highest common factor of 2702979 and 9.
9
Calculate the greatest common divisor of 168 and 2082038.
14
What is the greatest common divisor of 28251 and 654170739?
9417
What is the highest common factor of 146266534 and 866?
866
Calculate the highest common divisor of 11367250 and 59500.
250
Calculate the greatest common divisor of 101 and 49096100.
101
Calculate the highest common divisor of 937 and 1510901256.
937
What is the highest common factor of 921987 and 19296?
603
What is the greatest common divisor of 84 and 274722840?
84
What is the highest common divisor of 204135 and 366110?
155
Calculate the greatest common factor of 447763 and 11169.
17
What is the highest common factor of 17425 and 39011090?
3485
Calculate the greatest common factor of 388884 and 466486.
46
What is the highest common divisor of 102606 and 5718714?
2094
Calculate the greatest common divisor of 797608701 and 162.
81
What is the highest common factor of 3413925 and 7725?
75
Calculate the greatest common factor of 1131207 and 141295.
77
What is the greatest common divisor of 10096595 and 3950?
395
What is the highest common factor of 9347388 and 108?
12
Calculate the greatest common divisor of 2611 and 30404722.
373
What is the highest common factor of 236766 and 270?
6
What is the highest common factor of 92 and 181301318?
46
What is the greatest common divisor of 5866596 and 1712?
428
What is the highest common divisor of 244106 and 10?
2
What is the greatest common divisor of 19 and 56637689?
19
What is the greatest common divisor of 331158 and 472002?
582
What is the highest common divisor of 875 and 2466800?
175
What is the highest common divisor of 29859 and 13431?
111
What is the greatest common factor of 316762 and 104746?
1262
What is the highest common divisor of 3358 and 10552734?
146
Calculate the highest common factor of 58536 and 5296695.
813
What is the highest common factor of 74947 and 11771?
149
Calculate the greatest common divisor of 28119650 and 2750.
50
Calculate the greatest common divisor of 25480 and 32326.
14
What is the highest common divisor of 172205 and 290?
5
What is the highest common divisor of 226 and 456667013?
113
Calculate the highest common factor of 19523008 and 2592.
32
Calculate the greatest common divisor of 89104 and 110224.
16
Calculate the greatest common factor of 13727398 and 1020.
34
What is the greatest common factor of 1007 and 4985445?
53
What is the highest common divisor of 36608 and 473044?
572
What is the highest common divisor of 8 and 51429984?
8
What is the greatest common divisor of 484889520 and 16110?
5370
What is the highest common divisor of 1598644 and 30652?
316
Calculate the highest common divisor of 3990 and 634809.
399
Calculate the highest common divisor of 20915923 and 7.
7
What is the greatest common factor of 156 and 4739268?
12
Calculate the highest common divisor of 1725 and 91992180.
345
Calculate the greatest common divisor of 22992 and 17328.
48
Calculate the greatest common divisor of 46 and 53088761.
23
What is the greatest common divisor of 115008452 and 52?
52
What is the highest common divisor of 48843733 and 103?
103
What is the highest common factor of 11652784 and 32912?
1936
What is the greatest common factor of 1708 and 4345579?
427
What is the greatest common factor of 27562 and 5006?
2
Calculate the greatest common factor of 3213055 and 2755.
145
Calculate the greatest common factor of 1610 and 422367170.
230
What is the greatest common factor of 335071214 and 5744?
718
What is the highest common factor of 57 and 61918302?
57
Calculate the highest common divisor of 12021030 and 630.
630
What is the highest common factor of 457719688 and 29688?
9896
What is the highest common divisor of 306693 and 88723?
307
What is the highest common factor of 400970228 and 2556?
284
Calculate the greatest common divisor of 3156196 and 3809.
293
What is the greatest common divisor of 811342762 and 166?
166
What is the highest common factor of 6030 and 786312?
1206
Calculate the greatest common factor of 1911958 and 76630.
158
Calculate the greatest common factor of 274358922 and 48072.
12018
What is the greatest common factor of 37036332 and 432?
108
Calculate the highest common factor of 336645052 and 1256.
628
What is the highest common divisor of 4290 and 144694?
22
Calculate the highest common factor of 84042 and 597954.
966
Calculate the highest common factor of 5966054 and 667.
29
What is the highest common factor of 299647576 and 136?
136
Calculate the highest common factor of 231819 and 102277.
133
What is the highest common factor of 142706465 and 7095?
2365
What is the highest common factor of 11100798 and 38144?
298
What is the highest common divisor of 3445 and 174590?
65
What is the greatest common divisor of 40 and 252188060?
20
What is the highest common factor of 16116 and 154428?
204
Calculate the highest common factor of 18 and 63813186.
18
What is 